 - 5. What is the remainder when v is divided by (5 + -3)*36/8?
7
Let x(c) = -c**2 + 5*c - 1. Calculate the remainder when 7 is divided by x(4).
1
Let v(k) be the second derivative of 1/6*k**4 - 1/20*k**5 + 0 - 2*k**2 + 1/3*k**3 + k. What is the remainder when v(-3) is divided by 12?
11
Let t be 0/(3*(-4)/6). Suppose t = -2*u - 4, 3*n - 2*u - 128 = 2*u. Calculate the remainder when n is divided by 14.
12
Suppose 0 = 2*u - u - 1. Calculate the remainder when 47 is divided by u/(-2) + 99/6.
15
Let a be 12/3 + (1 - -1). Calculate the remainder when 16 is divided by a/(((-6)/(-3))/2).
4
Suppose 2*c + 0*n - 28 = 4*n, -16 = -c + 3*n. What is the remainder when (-33)/(-2) + (-9)/(-6) is divided by c?
8
Suppose 8*n - 11*n + 54 = 0. Calculate the remainder when 53 is divided by n.
17
Suppose -6 = -3*w, -w + 499 - 152 = 5*z. Calculate the remainder when z is divided by 14.
13
Let b(y) = 20*y - 14. Calculate the remainder when b(4) is divided by 14.
10
Suppose -2*f = 4*d - 6, -2*d - f = -3*d. Let z be ((-2)/(-3))/(4/18). Calculate the remainder when z + d + -3 + 19 is divided by 11.
9
Suppose -6*f + 48 = 2*f. What is the remainder when 6 is divided by f?
0
Let w(h) = h**2 + 49. Suppose 2*t - 13 = t. Calculate the remainder when w(0) is divided by t.
10
Let z(y) = y**2 + 3*y + 7. Let j be (-2)/1 + 0/2. What is the remainder when (12/j)/((-1)/2) is divided by z(-3)?
5
What is the remainder when 42/7*(-15)/(-1) is divided by 31?
28
Let m(y) = 4*y**3 + 2*y**2 - y. Suppose 2 + 0 = 2*j. Let u be m(j). Suppose -u*i + 14 = -6, 3*i = 2*h. Calculate the remainder when 10 is divided by h.
4
Suppose 9 = d - 0*d. Let y be -1 + 3 + d/1. Let v = 21 - y. Calculate the remainder when v is divided by 4.
2
Let y = 21 + -10. Calculate the remainder when 63 is divided by y.
8
Let a(x) = -3*x - 1. Calculate the remainder when 7 is divided by a(-1).
1
Suppose 8*i = 13*i - 105. What is the remainder when 61 is divided by i?
19
Suppose -2*f + 2 = -2. Suppose -5*u + f = -8. Calculate the remainder when u is divided by 1.
0
Let b = 67 - 48. Let i = -39 + 75. Calculate the remainder when i is divided by b.
17
Let w = -8 + 11. Suppose -2*a = -w*a + 8. Calculate the remainder when 21 is divided by a.
5
Suppose -8*u = -3*u - 75. Let b(w) = -7*w + 2. Let d(r) = -15*r + 4. Let m(j) = 5*b(j) - 2*d(j). What is the remainder when m(-5) is divided by u?
12
Suppose 527 = -4*c - 5*p, 2*c - 2*p + 161 = -125. Let w be 12*1/(2/(-3)). What is the remainder when 14 is divided by c/w - 2/(-6)?
6
Let x(a) = a**2 - 4*a + 1. Let t be x(5). Let v(d) = -d**2 + 5*d + 7. Let n = -51 + 53. Calculate the remainder when n is divided by v(t).
0
Suppose u = 183 - 26. What is the remainder when u is divided by 40?
37
Suppose 7*q = 2*q - 3*h + 3, -2*q + h = -10. Suppose 0*y + 174 = q*y. What is the remainder when y is divided by 15?
13
Let g = -145 - -167. Calculate the remainder when 38 is divided by g.
16
Let b = -5 - -9. What is the remainder when (b/12)/((-2)/(-66)) is divided by 7?
4
Let c be -3*((-8)/(-3))/(-4). Suppose 3*b - 3*s - 4 = 17, -6 = c*b + 3*s. Let x(o) = -7*o**3 - o**2 + 1. What is the remainder when x(-1) is divided by b?
1
Suppose -g + 0*g + b = -42, 4*g - b = 159. Let q(y) = -2*y + 36. What is the remainder when g is divided by q(13)?
9
Let t(q) = -q**3 + 8*q**2 + q - 12. Suppose 4*r = 2*r + 10. Let s(b) = b**3 - 3*b**2 - 6*b - 5. What is the remainder when t(7) is divided by s(r)?
14
Let s be (1/(-1))/(1/9). Let r = -2 - s. What is the remainder when ((-13)/4)/((-2)/8) is divided by r?
6
Let c be ((-1)/3)/((-3)/981). Let z = -78 + c. Calculate the remainder when z is divided by 17.
14
Let p be (1 - 63/5)*-10. Let g = p - 83. Calculate the remainder when g is divided by 9.
6
Let l = 12 + -21. Let a = 0 + l. What is the remainder when 24/a*(-30)/4 is divided by 11?
9
Suppose -2*q + 60 = -5*k + 221, 0 = -4*k - 3*q + 115. What is the remainder when k is divided by 17?
14
Calculate the remainder when 12/10*(4 - 58/(-3)) is divided by 8.
4
Calculate the remainder when 29 is divided by (8/3 + -3)*-48.
13
What is the remainder when (2 - 3) + -5 + 7 is divided by 1?
0
Suppose 5*a - 2 = 2*h - 56, -2*h + 4*a = -52. Calculate the remainder when 64 is divided by h.
20
Let b = -61 + 105. What is the remainder when b is divided by 24?
20
Suppose -q - 2*t + 5 = 0, -4*q - 4*t = 7 - 19. What is the remainder when 16 is divided by q?
0
Let y be 4/3 - (-12)/18. Suppose 7*p - 40 = y*p. Suppose d = 2*s + 21, 0*s + p = -4*s. Calculate the remainder when d is divided by 6.
5
Suppose -19 = -2*d + 3. Calculate the remainder when 21 is divided by d.
10
Let n(b) = 9*b - 8. Calculate the remainder when n(4) is divided by 16.
12
Suppose 0 = -5*j - 22 + 117. Suppose 0 = -3*b + x + 33 - 7, j = 2*b - x. Calculate the remainder when 12 is divided by b.
5
Let f(w) = w**2 + 2. Let n = -8 - -5. Calculate the remainder when 19 is divided by f(n).
8
Let x = -19 - -33. Calculate the remainder when 38 is divided by x.
10
Let p(f) = f**2 + f + 2. Let z = 5 + -11. Calculate the remainder when p(z) is divided by ((-22)/(-6))/((-1)/(-3)).
10
Let o(r) = 5*r**2 - 1. Calculate the remainder when 92 is divided by o(-2).
16
Let c be 1 + (-4 + 2)*-1. Suppose 0 = d - 2*d + c. What is the remainder when d is divided by 3?
0
Let k be 2/(-5) + (-2)/(-5). Let r(v) = k - 6*v**2 + v**3 - 1 + 4*v**2 + v. What is the remainder when 1 is divided by r(2)?
0
Let w = -35 + 88. Calculate the remainder when w is divided by 14.
11
What is the remainder when 119 is divided by 105/(4 - 1) + -8 + 5?
23
Let d be 3 - 2 - -1 - 0. Suppose -3*x = d*x - 5160. Calculate the remainder when 4/(-18) - x/(-27) is divided by 13.
12
Let d = -14 + 30. What is the remainder when d is divided by 9?
7
Let y = 0 - 0. Suppose -a - 2*v + 104 = 3*a, 4*a - 5*v - 90 = y. Let p = a + -1. What is the remainder when p is divided by 13?
11
Let i(p) = -p**3 - p**2 + p + 9. Suppose 2*c = 3*c - 10. Calculate the remainder when c/5 - (-34 - -1) is divided by i(0).
8
Let o(b) = -b**3 - 8*b**2 + 2*b + 10. Let q be o(-8). Suppose -2*g + 4*g + 24 = 0. Let f = q - g. Calculate the remainder when 11 is divided by f.
5
Suppose -5*z + 217 = 22. Suppose 4*s - s = z. Suppose -a + 34 = 9. Calculate the remainder when a is divided by s.
12
Let b(t) = -t**3 + 5*t**2 + 7*t - 3. Let y be b(6). Suppose -4*c = -5*o + 9, -4*o + 5*c + 12 = y*c. What is the remainder when o is divided by 4?
1
Suppose 0 = -5*x - 22 - 23. Let o be 50/18 + (-2)/x. Suppose -o*z = 2*z - 135. What is the remainder when z is divided by 10?
7
Let g(y) = y - 4*y + 1 + 0*y + 2. What is the remainder when 52 is divided by g(-5)?
16
Let a be (-94)/3 - 14/21. Let g = a - 28. Let v = g + 84. Calculate the remainder when v is divided by 13.
11
Calculate the remainder when (110/15)/(2/3) is divided by 3.
2
Let z(x) = x**2 + 13*x + 5. Let d(j) = 2*j + 7. Let y be d(-10). What is the remainder when 14 is divided by z(y)?
4
Let g(k) = k**2 - 4*k - 13. Calculate the remainder when g(8) is divided by 10.
9
Suppose q = -3*q + 12. Suppose -5*o + 4*v = -q*o - 210, -4*o + 427 = -v. What is the remainder when 28 is divided by o/7 - 2/7?
13
Let z be (0 + 0)*(-3)/(-9). Let a be (z + 10)/(-11 + 13). Calculate the remainder when 47 is divided by 5/25 - (-79)/a.
15
Let d(a) = -a**3 - 5*a**2 - 5*a - 3. Let f be d(-4). What is the remainder when 27 is divided by (39/(-9) + f)*-3?
7
Suppose x = 2*t - x - 32, 78 = 3*t + 3*x. Calculate the remainder when 103 is divided by t.
19
Let w(g) = -3*g - 30. Calculate the remainder when 93 is divided by w(-14).
9
Let w(h) = -h + 14. Calculate the remainder when w(5) is divided by 4.
1
What is the remainder when 19 is divided by (-8)/(-12)*9 + 1?
5
Suppose 5*i + 0*i = 25. Calculate the remainder when i/(-2)*260/(-25) is divided by 7.
5
Suppose 0 = -3*g - 5*g + 224. Calculate the remainder when 80 is divided by g.
24
Let z(q) = -q**2 + 9*q - 1. Let c = 164 - 237. Let m = c + 128. What is the remainder when m is divided by z(4)?
17
Let f = 28 - 2. What is the remainder when f is divided by 15?
11
Suppose 5*h = 5*r, 0 = -2*h + h + 4*r - 9. Calculate the remainder when h - (-2 + 0) - 1 is divided by 3.
1
Let n = 9 + 5. Let f be -407 - ((-36)/4)/(-3). Calculate the remainder when (f/(-15))/((-2)/(-3)) is divided by n.
13